rivative of -y**5/20 - y**2/2 + 2*y. Suppose 0*n + 3*u = 2*n, -3*u = 6. Let i(l) = l**3 + 3*l**2 - 2. Let s be i(n). Give t(s).
7
Let j(t) = 5*t - 1. Let d = 1 - 0. Let a(u) = 1 - 1 - d. Let g(p) = a(p) - j(p). Determine g(-1).
5
Let i(d) = 7*d**2 - 2*d + 2. Let s be i(2). Let x(o) = -s - o + 26. Give x(-4).
4
Let r = 34 - 30. Let z(x) = -x**3 + 3*x**2 + 2*x + 3. Give z(r).
-5
Let g(a) = 6*a - 1. Let z(c) be the first derivative of c**2/2 + 8*c + 1. Let m be z(0). Suppose -4*s + 2*p = 6, 3*s - 7 = m*s - 2*p. What is g(s)?
-7
Suppose -5*y - 23 = 2. Let k(g) = -g**2 - 5*g + 7. Let f be k(y). Let r(n) = n**3 + 9*n**2 + n**2 - 5*n**2 - 4 - f*n. What is r(-6)?
2
Let m = -29 - -33. Let f(g) = -3*g**2 - 5*g - 2. Let i(x) = x**2 + 3*x + 1. Let r(s) = 2*f(s) + 5*i(s). Let q(o) be the first derivative of r(o). What is q(m)?
-3
Let p = -1 - -4. Let g(i) = p - 10*i**2 - 2 - i**3 + 26*i**2 - 17*i**2. Calculate g(-1).
1
Let k(h) = -7*h**2 - 13*h + 15. Let m(s) = s**2 + s - 1. Let w(t) = -k(t) - 6*m(t). Give w(-7).
-9
Let r(f) be the first derivative of f**4/4 + f**3/3 - 2*f**2 - 33. Calculate r(-3).
-6
Let z be 6/(0 + (-3)/2). Let j(a) be the second derivative of -1/2*a**2 + 0 + 1/6*a**3 + 2*a - 1/20*a**5 - 1/3*a**4. What is j(z)?
-5
Suppose -3*a - 9 = 0, -6*o - 5*a - 27 = -3*o. Let h(b) = -b**2 - b + 3. Give h(o).
-9
Let g(q) = -q - 8. Let m be g(-9). Let d(w) = -5*w**2 + 4*w + m + w**3 + 2*w**2 - 3. Determine d(3).
10
Let v(g) be the first derivative of -g**2 - 2 - 1/2*g**4 + g - 4/3*g**3. Give v(-2).
5
Let r(s) be the first derivative of s**3/3 - s**2/2 - 9. Calculate r(2).
2
Let d(p) = 2*p**2 + 4*p + 3. Let g be (2/4)/((-5)/30). Give d(g).
9
Let r(v) = -v - 12. Let b(t) = -t - 7. Let h be b(-7). Suppose -2*o - 2*o = h. Determine r(o).
-12
Let n(z) = 10 - 31*z + 7*z + 11*z + 11*z. Give n(7).
-4
Let c = 21 + -16. Suppose -2*i = -7*i - 3*u - 22, 26 = -3*i - c*u. Let y(b) = 2*b**3 + 4*b**2 + 4*b + 2. Determine y(i).
-6
Let o = 7 - 12. Let s(m) = m + 1. Give s(o).
-4
Suppose -3*k = -3, -4*x + 3*x + 13 = 4*k. Suppose -3*f - 3 = x. Let h(a) = -a**2 - 5*a + 4. Give h(f).
8
Suppose -12*d + 18*d = 24. Let t(q) = 2 + 2*q - 6 - q. Determine t(d).
0
Let z(m) be the second derivative of m**3/6 + m. Suppose t + 12 = -3*t. Give z(t).
-3
Suppose -4*t - 6 = -14. Let s(m) = m**3 - 4*m**2 - 9*m + t*m + m. Calculate s(5).
-5
Suppose 0 = 2*t - 2*o - 2, 2*o = -4*t - 3 + 25. Let z be (-1)/(-2) - 2/4. Let h(u) = 0*u + u**2 + z + t - 6*u. Give h(4).
-4
Let s = -13 - -14. Let h(o) = 4*o**2 + 1. Calculate h(s).
5
Let r(c) = -c**2 - 6*c. Let d be r(-5). Suppose d*j = -0*j. Let w(y) = y**2 + y. Let o(q) = 4*q**2 + 4*q + 5. Let h(b) = -o(b) + 3*w(b). Determine h(j).
-5
Let g(p) = 5*p - 2. Let o be 4*5*5/50. Determine g(o).
8
Suppose j - u = -0*u, 8 = 5*j + 3*u. Let z(w) = -1 + 16*w - j - 10*w - 7*w. Calculate z(-3).
1
Let g(t) = -t**2 - 9*t + 11. Let s(w) = -w**2 - 8*w + 10. Let u(x) = 3*g(x) - 4*s(x). What is u(-6)?
-1
Let o(d) = d + 0 - 4 + 1. Let a be (6/7)/(2/(-14)). Let y be (-4)/(-12) - 28/a. What is o(y)?
2
Let k(l) = -l**2 - 2*l. Suppose p = -4*p - 10. What is k(p)?
0
Let u(l) = 8*l + 1. Let y(q) = -7*q - 5. Let v(n) = 7*n + 4. Let k(c) = -4*v(c) - 3*y(c). Let b(p) = -4*k(p) - 3*u(p). Suppose 7*r - 6 = 4*r. What is b(r)?
9
Let y(n) = -n**3 - 6*n**2 - 3. Let g(v) = v**3 + v**2 + v. Let a(c) = -2*g(c) - y(c). Let p = 6 + -3. Let u = p - 0. Determine a(u).
6
Suppose 4*g - y = -0*g + 19, -20 = -3*g - 5*y. Let a(i) = 5 + 2*i - g*i + i + 3*i. What is a(-6)?
-1
Let x(b) = b**3 + 4*b**2 + 2*b + 5. Let h = -29 + 41. Let r be ((-15)/9)/(2/h). Let i be 46/r + 12/20. What is x(i)?
-3
Suppose 204*m = 202*m + 10. Let q(z) = -2*z - 14. Let b(p) = 5*p + 41. Let f(s) = 3*b(s) + 8*q(s). Determine f(m).
6
Let f(a) = -a**3 + 4*a**2 + 2*a - 4. Let c(j) = -2*j**3 + 3*j**2 + j - 3. Let p(y) = -2*c(y) + 3*f(y). Give p(-5).
-1
Let k(z) = z**2 - z - 3. Let t be k(3). Let x(a) = 6*a + 2*a**t + 9 - 5*a**2 - 3*a**3 - 3. Let y be 45/3*(-2)/5. Determine x(y).
6
Let f(x) = -2*x - 10. Suppose 0 = 3*v - 4*k + 16, 4*v - 3*k + 10 = 2*v. Give f(v).
6
Suppose 3*i = -0*i + 9. Let h(c) = c**2 + c**2 + i*c**2. Let j(v) = 7*v - 69. Let g be j(10). Determine h(g).
5
Let h(l) = 2*l**2 - 4*l + 3. Let p = -46 + 49. Give h(p).
9
Let k(n) = -13*n**2 - 2*n + 5. Let z(g) = g**2 - 1. Let t(h) = k(h) + 4*z(h). Give t(1).
-10
Let s(p) = -2*p + 4. Let o be s(4). Let a(m) = m - 1 - 11 + m**2 + 10. Give a(o).
10
Let x(t) = -2*t - 4. Let i be x(-6). Suppose i = 3*o - 1. Let k(m) = -3*m - m + o*m. What is k(-4)?
4
Suppose 0 = 5*n - 20, -3*v + n - 1 = -0. Let x(i) = 0*i**2 + 0*i + 2 - i**2 + 3*i - 3. What is x(v)?
1
Let l = 1 + -2. Let h(m) be the second derivative of m**4/2 + m**3/6 - 23*m. Calculate h(l).
5
Let r be 3 + (-2 + -3 - (1 + -1)). Let v(w) = 4*w**2 - w + 0*w**2 + 2*w**3 - 2*w**2. Calculate v(r).
-6
Let m = -39 + 28. Let f(n) = 14*n**2 - 6*n - 6. Let s(z) = 3*z**2 - 1 + 0*z**2 + z - 2*z. Let h(u) = m*s(u) + 2*f(u). Determine h(-1).
-5
Let b(v) be the second derivative of -v + 3/2*v**2 + 2/3*v**3 + 1/6*v**4 + 0. Determine b(-2).
3
Let f(k) be the third derivative of 3*k**6/40 - k**3/6 + 6*k**2. Give f(-1).
-10
Let p be 8/(-2)*14/8. Let f be (-2)/p - 26/(-7). Let n(a) = a**3 - 5*a**2 + 7*a - 4. Determine n(f).
8
Let f(i) be the third derivative of -i**6/120 + i**4/24 + 4*i**3/3 - 10*i**2. Give f(0).
8
Let n(c) be the first derivative of -1/3*c**3 - 1 - 2*c**2 - c. Let d(q) = q**2 + 10*q - 5. Let y be d(-10). What is n(y)?
-6
Suppose 9*d - 6*d - 24 = 0. Let p(i) = i**2 - 7*i + 1. Calculate p(d).
9
Let k(r) = 2*r**2 + 17*r + 3. Let x(q) = -q**2 - 9*q - 2. Suppose 2*z = -4 - 4. Let w(n) = z*k(n) - 7*x(n). Determine w(-5).
2
Let g(v) = v**2 - 5*v + 1. Let q = 28 - 26. Let b be g(q). Let r(y) = -5*y**2 - 8 - y**3 + 1 + y - 4*y. What is r(b)?
8
Suppose 3*i = y + i - 3, 5*y + 5*i - 15 = 0. Let h(v) be the third derivative of 0 + 4*v**2 - 1/6*v**4 - 1/60*v**5 - 1/3*v**y + 0*v. What is h(-4)?
-2
Suppose -6 - 6 = -2*f. Let i = 5 - f. Let r(c) = -c**2 - 10*c + 6. Let w(t) = -t + 1. Let l(x) = i*r(x) + 6*w(x). What is l(-5)?
5
Suppose 0 = -6*y + 2*y - h + 14, -2*h - 4 = 0. Let a(z) = 2 + 1 - 4*z - 9*z**2 + z**3 + 6*z**2. Give a(y).
3
Let b(o) be the second derivative of -o**6/360 + o**5/60 - o**4/12 - o**3/2 + 2*o. Let c(p) be the second derivative of b(p). Calculate c(3).
-5
Let l = 10 + -4. Let x(q) = q + 2. Give x(l).
8
Let t be 5/(-3) + (-6)/(-9). Let w be (t - -2) + (5 - 3). Suppose -n = -w*n - 10. Let k(g) = g**3 + 6*g**2 + 4*g - 3. Calculate k(n).
2
Let d(t) = t**3 + 15*t**2 - 17*t - 13. Let q be d(-16). Let z(f) = -4*f**2 + 5*f - 3 - q*f**3 + 2*f**3 - 3. Give z(-5).
-6
Let t be 1*(-1 + 0)*4. Let i(q) = -q**3 - 4*q**2 - q - 3. What is i(t)?
1
Let y(i) = -9*i - 6. Let s(m) = -m - 1. Let b(v) = -6*s(v) + y(v). Let u = -34 - -32. Calculate b(u).
6
Let d(g) = -g**3 - 5*g**2 - 3*g + 1. Let u = -34 + 24. Let s be -10*(u/4 + 2). Suppose -p + 2 = s. What is d(p)?
-8
Let x(j) = 9*j**3 - 6*j**2 - 10*j - 9. Let w(z) = 4*z**3 - 3*z**2 - 5*z - 4. Let a(s) = -7*w(s) + 3*x(s). Let k = 8 + -4. What is a(k)?
5
Let p(v) = -2*v + 0 - 996*v**2 + 3 + 999*v**2 - v**3. Determine p(3).
-3
Let y = 7 - 8. Let i(r) = -6*r. Give i(y).
6
Let n(w) = -4*w - 20. Let v = 22 - 39. Let t(a) = a - 1. Let h(d) = 3*d + 5. Let k(j) = -h(j) + 2*t(j). Let r(y) = v*k(y) + 6*n(y). What is r(-1)?
6
Let g(d) = d**2 - 4*d. Let j be g(3). Let r = j + 0. Let n(i) = -2*i**2 - 13*i. Let b(w) = -3*w**2 - 20*w. Let u(l) = -5*b(l) + 8*n(l). Determine u(r).
3
Let l(n) = n**3 + 5*n**2 + 4*n - 1. Let w(c) = -2*c**3 + 2*c**2 + 2*c. Let m be w(2). What is l(m)?
-1
Let y(w) = -w - 3. Let c be (-2)/6 - 184/(-12). Let n be 3/12 - c/(-4). What is y(n)?
-7
Let j = 12 + -9. Let a be 2 + (1 - j/(-3)). Let g(w) = w**3 - 3*w**2 - 5*w + 5. Determine g(a).
1
Let n(w) be the third derivative of w**4/24 - w**3/3 + 2*w**2. Let b be n(7). Let q(c) = c - 2. Give q(b).
3
Suppose 0 = z - 5*z + 28. Let f(j) = 2 - z + 2*j + 1. Calculate f(4).
4
Let a(m) be the third derivative of -m**6/360 - m**5/60 + m**4/6 + 4*m**3/3 + 10*m**2. Let d(j) be the first derivative of a(j). Give d(3).
-11
Let l be (-4 - -1) + 16 + -10. Suppose -3*m - 3 = l. Let k(u) = -u**2 - 1. What is k(m)?
-5
Let o(c) be the third de